ighest common divisor of 255 and 390?
15
Calculate the greatest common divisor of 430 and 34.
2
Calculate the highest common factor of 10 and 25.
5
Calculate the highest common divisor of 44 and 1276.
44
What is the greatest common factor of 72 and 720?
72
What is the greatest common factor of 20 and 36?
4
Calculate the greatest common factor of 11 and 1837.
11
Calculate the highest common factor of 59 and 5251.
59
What is the greatest common factor of 44 and 5357?
11
What is the greatest common factor of 750 and 300?
150
Calculate the greatest common divisor of 87 and 1653.
87
What is the greatest common factor of 28 and 196?
28
What is the highest common factor of 235 and 61335?
235
Calculate the greatest common factor of 84 and 2716.
28
What is the greatest common factor of 37 and 1517?
37
What is the highest common factor of 3936 and 12?
12
Calculate the greatest common factor of 1 and 2711.
1
Calculate the highest common divisor of 22 and 5522.
22
What is the highest common divisor of 517 and 1639?
11
Calculate the highest common divisor of 76 and 171.
19
What is the greatest common factor of 352 and 110?
22
What is the highest common factor of 91 and 4788?
7
What is the greatest common divisor of 75 and 175?
25
What is the greatest common divisor of 208 and 1586?
26
Calculate the greatest common factor of 365 and 219.
73
Calculate the greatest common divisor of 74 and 10.
2
Calculate the greatest common factor of 44 and 352.
44
Calculate the greatest common divisor of 102 and 7582.
34
What is the highest common factor of 6768 and 72?
72
What is the greatest common divisor of 18 and 90?
18
What is the greatest common factor of 2916 and 6075?
243
Calculate the highest common factor of 240 and 36.
12
Calculate the highest common divisor of 500 and 40.
20
What is the greatest common divisor of 1595 and 1885?
145
What is the highest common divisor of 6 and 894?
6
Calculate the greatest common divisor of 1440 and 8.
8
Calculate the highest common divisor of 2415 and 168.
21
Calculate the highest common divisor of 1131 and 117.
39
Calculate the greatest common factor of 350 and 30.
10
Calculate the highest common factor of 25 and 15.
5
What is the highest common factor of 4 and 772?
4
What is the greatest common factor of 10906 and 164?
82
Calculate the highest common factor of 194 and 7857.
97
Calculate the highest common factor of 513 and 19.
19
Calculate the highest common divisor of 1182 and 12.
6
What is the highest common divisor of 4 and 59?
1
What is the greatest common divisor of 14 and 35?
7
Calculate the highest common factor of 2 and 54.
2
Calculate the highest common divisor of 16 and 32.
16
Calculate the highest common factor of 261 and 81.
9
What is the highest common factor of 3 and 243?
3
Calculate the greatest common divisor of 21575 and 25.
25
Calculate the greatest common divisor of 312 and 1144.
104
What is the highest common divisor of 12 and 2172?
12
What is the highest common divisor of 558 and 18?
18
Calculate the greatest common factor of 279 and 372.
93
What is the highest common factor of 741 and 78?
39
Calculate the greatest common divisor of 184 and 138.
46
Calculate the greatest common divisor of 28 and 21.
7
Calculate the greatest common factor of 1326 and 612.
102
Calculate the greatest common factor of 12 and 48.
12
What is the highest common factor of 68 and 238?
34
What is the highest common divisor of 1122 and 99?
33
Calculate the highest common factor of 246 and 861.
123
Calculate the highest common factor of 288 and 63.
9
Calculate the highest common divisor of 774 and 144.
18
What is the greatest common divisor of 282 and 96?
6
Calculate the highest common divisor of 459 and 102.
51
What is the greatest common divisor of 175 and 735?
35
Calculate the greatest common divisor of 65 and 25.
5
What is the highest common divisor of 1054 and 340?
34
Calculate the greatest common divisor of 220 and 13508.
44
Calculate the greatest common factor of 258 and 15738.
258
What is the highest common divisor of 46 and 2553?
23
Calculate the greatest common divisor of 27 and 360.
9
What is the highest common divisor of 26 and 130598?
26
What is the greatest common divisor of 19 and 1140?
19
What is the greatest common factor of 36 and 96?
12
What is the greatest common factor of 20 and 630?
10
Calculate the greatest common factor of 70 and 8225.
35
What is the highest common factor of 68 and 374?
34
Calculate the greatest common divisor of 10 and 206.
2
Calculate the greatest common factor of 84 and 224.
28
Calculate the greatest common factor of 48 and 656.
16
What is the greatest common divisor of 90 and 7410?
30
What is the greatest common divisor of 704 and 512?
64
What is the highest common divisor of 2249 and 346?
173
Calculate the highest common divisor of 68 and 190.
2
Calculate the greatest common divisor of 728 and 208.
104
What is the greatest common divisor of 152 and 16?
8
What is the greatest common divisor of 450 and 18?
18
What is the highest common divisor of 30 and 1095?
15
Calculate the greatest common divisor of 510 and 12138.
102
Calculate the greatest common divisor of 28 and 116.
4
What is the greatest common factor of 27 and 153?
9
What is the greatest common factor of 20 and 65?
5
Calculate the greatest common divisor of 246 and 6.
6
Calculate the highest common factor of 348 and 783.
87
What is the highest common divisor of 21456 and 144?
144
What is the highest common factor of 50 and 78050?
50
What is the highest common divisor of 104 and 8424?
104
Calculate the highest common factor of 231 and 4200.
21
What is the highest common factor of 124 and 279?
31
Calculate the greatest common divisor of 369 and 41.
41
Calculate the highest common factor of 18 and 522.
18
What is the highest common factor of 3 and 48?
3
What is the greatest common divisor of 2666 and 172?
86
What is the highest common divisor of 20 and 20?
20
Calculate the highest common factor of 165 and 375.
15
What is the highest common factor of 16 and 40?
8
What is the highest common factor of 369 and 3485?
41
What is the greatest common divisor of 1400 and 770?
70
Calculate the greatest common factor of 820 and 20.
20
What is the greatest common factor of 17 and 4097?
17
Calculate the greatest common factor of 387 and 903.
129
What is the highest common factor of 472 and 1298?
118
Calculate the greatest common factor of 1325 and 25.
25
What is the highest common divisor of 938 and 7?
7
What is the greatest common factor of 32 and 136?
8
Calculate the highest common divisor of 16 and 2048.
16
What is the highest common factor of 1786 and 1034?
94
What is the highest common divisor of 2009 and 21?
7
What is the highest common divisor of 28 and 32?
4
What is the highest common divisor of 131 and 5371?
131
What is the highest common divisor of 10126 and 61?
61
What is the highest common divisor of 47 and 4465?
47
What is the highest common factor of 48 and 60?
12
What is the highest common divisor of 53 and 477?
53
What is the greatest common factor of 5473 and 13?
13
What is the greatest common factor of 7224 and 21?
21
What is the highest common divisor of 87 and 7917?
87
Calculate the highest common factor of 36 and 16.
4
What is the highest common factor of 34 and 19788?
34
Calculate the highest common divisor of 249 and 415.
83
Calculate the highest common divisor of 1 and 83.
1
Calculate the greatest common divisor of 18 and 1746.
18
What is the highest common factor of 10516 and 33?
11
Calculate the greatest common factor of 46 and 4.
2
What is the greatest common factor of 16 and 296?
8
Calculate the greatest common divisor of 15008 and 112.
112
Calculate the greatest common divisor of 16 and 844.
4
Calculate the highest common divisor of 39 and 15.
3
What is the greatest common divisor of 836 and 88?
44
What is the greatest common divisor of 2 and 97?
1
What is the greatest common divisor of 511 and 584?
73
Calculate the highest common divisor of 42 and 644.
14
Calculate the highest common factor of 1210 and 80.
10
Calculate the greatest common factor of 84 and 9.
3
What is the highest common factor of 220 and 1408?
44
What is the highest common divisor of 208 and 1898?
26
What is the highest common factor of 365 and 19